{"id":17,"date":"2016-02-12T08:09:36","date_gmt":"2016-02-12T08:09:36","guid":{"rendered":"http:\/\/demos.famethemes.com\/onepress\/?page_id=17"},"modified":"2021-11-01T12:47:59","modified_gmt":"2021-11-01T12:47:59","slug":"o-nama","status":"publish","type":"page","link":"https:\/\/optimist.org.rs\/index.php\/o-nama\/","title":{"rendered":"O nama"},"content":{"rendered":"<p>Udru\u017eenje Optimist osnovano je 01.02.2006. godine u Bosilegradu sa misijom ekonomskog osna\u017eivanja op\u0161tine i juga Srbije, kroz podizanje kapaciteta, motivisanosti i ve\u0161tina klju\u010dnih aktera, a pre svega mladih i ugro\u017eenih grupa stanovni\u0161tva. Udru\u017eenje je osnovala grupa entuzijazista koja je ve\u0107 imala iskustva u radu u nevladinim organizacijama, a kao odgovor na potrebu za postojanjem nezavisne institucije u Bosilegradu koja \u0107e svojim iskustvom i anga\u017eovanjem doprineti pobolj\u0161anju socijalnog statusa stanovni\u0161tva i kvaliteta \u017eivota u op\u0161tini, uop\u0161te. Nakon 15 godina postojanja i vi\u0161e od 40 uspe\u0161no realizovanih projekta, Udru\u017eenje se ponosi dobrom reputacijom koju u\u017eiva me\u0111u donatorima, partnerima i, \u0161to je veoma va\u017eno, me\u0111u korisnicima i stanovni\u0161tvom.<\/p>\n<p>U 15 godina postojanja, Udru\u017eenje Optimist se fokusiralo na 3 klju\u010dne oblasti delovanja, a to su: socijalno preduzetni\u0161tvo, za\u0161tita \u017eivotne sredine i osna\u017eivanje mladih. U toku svog postojanja, me\u0111utim, bili smo aktivni i na poljima razvoja demokratije i za\u0161tite ljudskih i manjinskih prava, rodne ravnopravnosti, kao i borbi protiv korupcije.<\/p>\n<p>U\u0161li smo u borbu sa problemima, u regionu koji jo\u0161 uvek ne razume u potpunosti zna\u010daj funkcionisanja civilnog sektora i organizacija civilnog dru\u0161tva, ali na tom svom putu smo stekli velike i odane prijatelje, zahvaljuju\u0107i radu, zalaganju, odgovornosti prema partnerima i upornosti. Danas, 15 godina od osnivanja, moram da ka\u017eem da ne bismo uspeli bez: <a href=\"http:\/\/rbf.org\" target=\"_blank\" rel=\"noopener\">Fondacije bra\u0107e Rokfeler<\/a><a href=\"https:\/\/tragfondacija.org\/\" target=\"_blank\" rel=\"noopener\">, Trag fondacije za lokalne inicijative<\/a>\u00a0(biv\u0161i BCIF),\u00a0<a href=\"http:\/\/eupro.org.rs\" target=\"_blank\" rel=\"noopener\">Evropskog Progresa<\/a>,\u00a0<a href=\"https:\/\/www.deltafondacija.rs\/\" target=\"_blank\" rel=\"noopener\">Delta fondacije<\/a>,\u00a0<a href=\"https:\/\/www.fosserbia.org\/\" target=\"_blank\" rel=\"noopener\">Fondacije za otvoreno dru\u0161tvo<\/a>,\u00a0<a href=\"#\">Instituta za odr\u017eive zajednice &#8211; ISC<\/a>,\u00a0<a href=\"https:\/\/www.usaid.gov\/serbia\" target=\"_blank\" rel=\"noopener\">USAID-a<\/a>,\u00a0<a href=\"https:\/\/www.netherlandsworldwide.nl\/countries\/serbia\/about-us\/embassy-in-belgrade\" target=\"_blank\" rel=\"noopener\">Ambasade Kraljevine Holandije<\/a>,\u00a0<a href=\"https:\/\/www.rs.undp.org\/\" target=\"_blank\" rel=\"noopener\">PBILD programa UN-a<\/a>,\u00a0<a href=\"https:\/\/www.worldbank.org\/en\/country\/serbia\" target=\"_blank\" rel=\"noopener\">Svetske banke<\/a>, <a href=\"https:\/\/smartkolektiv.org\/\" target=\"_blank\" rel=\"noopener\">Smart kolektiva<\/a>, <a href=\"https:\/\/www.biobalkan.info\/\" target=\"_blank\" rel=\"noopener\">Balkan Express GmbH-a<\/a> i mnogih drugih koji su svojim zalaganjem i dobrom saradnjom doprineli da &#8220;Optimist&#8221; bude jedna vode\u0107ih organizacija civilnog dru\u0161tva na jugu Srbije.<\/p>\n<p>\u010cvrsto stojimo na stanovi\u0161tu da svaka pozitivna promena po\u010dinje u ljudima. Otvoreni smo za sve va\u0161e sugestije i predloge, pa budite slobodni da iskoristite kontakt stranicu i uka\u017eete na problem u Bosilegradu ili na jugu Srbije, kako bi mogli da zajedni\u010dkim snagama razmislimo o njegovom re\u0161avanju.<\/p>\n<p>Nikada nismo prestajali da verujemo da:<\/p>\n<p align=\"center\"><em>Pojedinac mo\u017ee mnogo, a zajednica mo\u017ee sve.<\/em><\/p>\n<p>\u00a0<\/p>\n\n\n<figure class=\"wp-block-image size-large\"><noscript><img loading=\"lazy\" decoding=\"async\" width=\"1024\" height=\"343\" data-skip-lazy src=\"https:\/\/optimist.org.rs\/wp-content\/uploads\/2021\/10\/Backup_of_logo-1024x343.png\" alt=\"\" class=\"wp-image-1501\" srcset=\"https:\/\/optimist.org.rs\/wp-content\/uploads\/2021\/10\/Backup_of_logo-1024x343.png 1024w, https:\/\/optimist.org.rs\/wp-content\/uploads\/2021\/10\/Backup_of_logo-300x100.png 300w, https:\/\/optimist.org.rs\/wp-content\/uploads\/2021\/10\/Backup_of_logo-768x257.png 768w, https:\/\/optimist.org.rs\/wp-content\/uploads\/2021\/10\/Backup_of_logo-1536x514.png 1536w, https:\/\/optimist.org.rs\/wp-content\/uploads\/2021\/10\/Backup_of_logo-2048x686.png 2048w\" sizes=\"auto, (max-width: 1024px) 100vw, 1024px\" \/><\/noscript><img loading=\"eager\" decoding=\"async\" width=\"1024\" height=\"343\" src=\"https:\/\/optimist.org.rs\/wp-content\/uploads\/2021\/10\/Backup_of_logo-1024x343.png\" alt class=\"wp-image-1501 vp-lazyload\" srcset=\"data:image\/svg+xml;base64,PHN2ZyB3aWR0aD0iMTAyNCIgaGVpZ2h0PSIzNDMiIHZpZXdCb3g9IjAgMCAxMDI0IDM0MyIgZmlsbD0ibm9uZSIgeG1sbnM9Imh0dHA6Ly93d3cudzMub3JnLzIwMDAvc3ZnIj48L3N2Zz4=\" data-src=\"https:\/\/optimist.org.rs\/wp-content\/uploads\/2021\/10\/Backup_of_logo-1024x343.png\" data-srcset=\"https:\/\/optimist.org.rs\/wp-content\/uploads\/2021\/10\/Backup_of_logo-1024x343.png 1024w, https:\/\/optimist.org.rs\/wp-content\/uploads\/2021\/10\/Backup_of_logo-300x100.png 300w, https:\/\/optimist.org.rs\/wp-content\/uploads\/2021\/10\/Backup_of_logo-768x257.png 768w, https:\/\/optimist.org.rs\/wp-content\/uploads\/2021\/10\/Backup_of_logo-1536x514.png 1536w, https:\/\/optimist.org.rs\/wp-content\/uploads\/2021\/10\/Backup_of_logo-2048x686.png 2048w\" data-sizes=\"auto\"><\/figure>\n","protected":false},"excerpt":{"rendered":"<p>Udru\u017eenje Optimist osnovano je 01.02.2006. godine u Bosilegradu sa misijom ekonomskog osna\u017eivanja op\u0161tine i juga Srbije, kroz podizanje kapaciteta, motivisanosti i ve\u0161tina klju\u010dnih aktera, a pre svega mladih i ugro\u017eenih grupa stanovni\u0161tva.<\/p>\n","protected":false},"author":1,"featured_media":1470,"parent":0,"menu_order":0,"comment_status":"closed","ping_status":"closed","template":"template-fullwidth.php","meta":{"_vp_format_video_url":"","_vp_image_focal_point":[],"footnotes":""},"class_list":["post-17","page","type-page","status-publish","has-post-thumbnail","hentry"],"_links":{"self":[{"href":"https:\/\/optimist.org.rs\/index.php\/wp-json\/wp\/v2\/pages\/17","targetHints":{"allow":["GET"]}}],"collection":[{"href":"https:\/\/optimist.org.rs\/index.php\/wp-json\/wp\/v2\/pages"}],"about":[{"href":"https:\/\/optimist.org.rs\/index.php\/wp-json\/wp\/v2\/types\/page"}],"author":[{"embeddable":true,"href":"https:\/\/optimist.org.rs\/index.php\/wp-json\/wp\/v2\/users\/1"}],"replies":[{"embeddable":true,"href":"https:\/\/optimist.org.rs\/index.php\/wp-json\/wp\/v2\/comments?post=17"}],"version-history":[{"count":11,"href":"https:\/\/optimist.org.rs\/index.php\/wp-json\/wp\/v2\/pages\/17\/revisions"}],"predecessor-version":[{"id":1577,"href":"https:\/\/optimist.org.rs\/index.php\/wp-json\/wp\/v2\/pages\/17\/revisions\/1577"}],"wp:featuredmedia":[{"embeddable":true,"href":"https:\/\/optimist.org.rs\/index.php\/wp-json\/wp\/v2\/media\/1470"}],"wp:attachment":[{"href":"https:\/\/optimist.org.rs\/index.php\/wp-json\/wp\/v2\/media?parent=17"}],"curies":[{"name":"wp","href":"https:\/\/api.w.org\/{rel}","templated":true}]}}